{"id":356,"date":"2023-09-18T13:21:05","date_gmt":"2023-09-18T13:21:05","guid":{"rendered":"https:\/\/wastedmaniacs.com\/?page_id=356"},"modified":"2024-01-08T14:57:01","modified_gmt":"2024-01-08T14:57:01","slug":"press","status":"publish","type":"page","link":"https:\/\/wastedmaniacs.com\/index.php\/press\/","title":{"rendered":"Press"},"content":{"rendered":"\n<p>Find some press coverage of our album and our latest single below. <\/p>\n\n\n\n<p><a href=\"https:\/\/www.ffm-rock.de\/reviews-interviews\/cd-reviews\/59707-wasted-maniacs-attack-of-the-pack.html\">https:\/\/www.ffm-rock.de\/reviews-interviews\/cd-reviews\/59707-wasted-maniacs-attack-of-the-pack.html<\/a><\/p>\n\n\n\n<p><a href=\"https:\/\/www.rockhard.de\/reviews\/wasted-maniacs-attack-of-the-pack\">https:\/\/www.rockhard.de\/reviews\/wasted-maniacs-attack-of-the-pack<\/a><\/p>\n\n\n\n<figure class=\"wp-block-embed is-type-wp-embed is-provider-time-for-metal-das-metal-magazin-amp-metal-podcast wp-block-embed-time-for-metal-das-metal-magazin-amp-metal-podcast\"><div class=\"wp-block-embed__wrapper\">\nhttps:\/\/time-for-metal.eu\/wasted-maniacs-videosingle-dirty-sarah-zelebriert-album-voe-von-attack-of-the-pack\/\n<\/div><\/figure>\n\n\n\n<figure class=\"wp-block-embed is-type-wp-embed is-provider-soundcheck wp-block-embed-soundcheck\"><div class=\"wp-block-embed__wrapper\">\n<blockquote class=\"wp-embedded-content\" data-secret=\"qk0UN4NArT\"><a href=\"https:\/\/soundcheck.network\/posts\/wasted-maniacs-attack-of-the-pack\/\">WASTED MANIACS: \u201cAttack of the Pack\u201d<\/a><\/blockquote><iframe loading=\"lazy\" class=\"wp-embedded-content\" sandbox=\"allow-scripts\" security=\"restricted\" style=\"position: absolute; clip: rect(1px, 1px, 1px, 1px);\" title=\"&#8220;WASTED MANIACS: \u201cAttack of the Pack\u201d&#8221; &#8212; Soundcheck\" src=\"https:\/\/soundcheck.network\/posts\/wasted-maniacs-attack-of-the-pack\/embed\/#?secret=u9aSLxMBZK#?secret=qk0UN4NArT\" data-secret=\"qk0UN4NArT\" width=\"525\" height=\"296\" frameborder=\"0\" marginwidth=\"0\" marginheight=\"0\" scrolling=\"no\"><\/iframe>\n<\/div><\/figure>\n\n\n\n<figure class=\"wp-block-embed is-type-wp-embed is-provider-metaluniverse-net wp-block-embed-metaluniverse-net\"><div class=\"wp-block-embed__wrapper\">\n<blockquote class=\"wp-embedded-content\" data-secret=\"5zQxRGkdTL\"><a href=\"https:\/\/metaluniverse.net\/wasted-maniacs-le-single-video-dirty-sarah-celebre-la-sortie-de-lalbum-attack-of-the-pack\/\">Wasted Maniacs &#8211; Le single vid\u00e9o &laquo; Dirty Sarah &raquo; c\u00e9l\u00e8bre la sortie de l&rsquo;album &laquo; Attack Of The Pack &raquo;<\/a><\/blockquote><iframe loading=\"lazy\" class=\"wp-embedded-content\" sandbox=\"allow-scripts\" security=\"restricted\" style=\"position: absolute; clip: rect(1px, 1px, 1px, 1px);\" title=\"&laquo; Wasted Maniacs &#8211; Le single vid\u00e9o &laquo; Dirty Sarah &raquo; c\u00e9l\u00e8bre la sortie de l&rsquo;album &laquo; Attack Of The Pack &raquo; &raquo; &#8212; MetalUniverse.net\" src=\"https:\/\/metaluniverse.net\/wasted-maniacs-le-single-video-dirty-sarah-celebre-la-sortie-de-lalbum-attack-of-the-pack\/embed\/#?secret=UBXPLNNpIb#?secret=5zQxRGkdTL\" data-secret=\"5zQxRGkdTL\" width=\"525\" height=\"296\" frameborder=\"0\" marginwidth=\"0\" marginheight=\"0\" scrolling=\"no\"><\/iframe>\n<\/div><\/figure>\n\n\n\n<p><a href=\"https:\/\/www.ffm-rock.de\/reviews-interviews\/interviews\/57818-wasted-maniacs.html\">https:\/\/www.ffm-rock.de\/reviews-interviews\/interviews\/57818-wasted-maniacs.html<\/a><\/p>\n\n\n\n<p><a href=\"https:\/\/blog.viadee.de\/beyondit-rock-code-mit-thomas-raffelsieper\">https:\/\/blog.viadee.de\/beyondit-rock-code-mit-thomas-raffelsieper<\/a><\/p>\n\n\n\n<p><a href=\"https:\/\/www.waz.de\/staedte\/gelsenkirchen\/gelsenkirchen-so-feiert-bismarck-seine-rocktage-auf-consol-id238950361.html\">https:\/\/www.waz.de\/staedte\/gelsenkirchen\/gelsenkirchen-so-feiert-bismarck-seine-rocktage-auf-consol-id238950361.html<\/a><\/p>\n\n\n\n<p><a href=\"https:\/\/www.hna.de\/lokales\/fritzlar-homberg\/homberg-efze-ort305309\/hochlandrock-festival-findet-in-welferode-zum-20-mal-statt-92455669.html\">https:\/\/www.hna.de\/lokales\/fritzlar-homberg\/homberg-efze-ort305309\/hochlandrock-festival-findet-in-welferode-zum-20-mal-statt-92455669.html<\/a><\/p>\n","protected":false},"excerpt":{"rendered":"<p>Find some press coverage of our album and our latest single below. https:\/\/www.ffm-rock.de\/reviews-interviews\/cd-reviews\/59707-wasted-maniacs-attack-of-the-pack.html https:\/\/www.rockhard.de\/reviews\/wasted-maniacs-attack-of-the-pack https:\/\/www.ffm-rock.de\/reviews-interviews\/interviews\/57818-wasted-maniacs.html https:\/\/blog.viadee.de\/beyondit-rock-code-mit-thomas-raffelsieper https:\/\/www.waz.de\/staedte\/gelsenkirchen\/gelsenkirchen-so-feiert-bismarck-seine-rocktage-auf-consol-id238950361.html https:\/\/www.hna.de\/lokales\/fritzlar-homberg\/homberg-efze-ort305309\/hochlandrock-festival-findet-in-welferode-zum-20-mal-statt-92455669.html<\/p>\n","protected":false},"author":1,"featured_media":0,"parent":0,"menu_order":0,"comment_status":"closed","ping_status":"closed","template":"","meta":{"footnotes":""},"class_list":["post-356","page","type-page","status-publish","hentry"],"_links":{"self":[{"href":"https:\/\/wastedmaniacs.com\/index.php\/wp-json\/wp\/v2\/pages\/356","targetHints":{"allow":["GET"]}}],"collection":[{"href":"https:\/\/wastedmaniacs.com\/index.php\/wp-json\/wp\/v2\/pages"}],"about":[{"href":"https:\/\/wastedmaniacs.com\/index.php\/wp-json\/wp\/v2\/types\/page"}],"author":[{"embeddable":true,"href":"https:\/\/wastedmaniacs.com\/index.php\/wp-json\/wp\/v2\/users\/1"}],"replies":[{"embeddable":true,"href":"https:\/\/wastedmaniacs.com\/index.php\/wp-json\/wp\/v2\/comments?post=356"}],"version-history":[{"count":5,"href":"https:\/\/wastedmaniacs.com\/index.php\/wp-json\/wp\/v2\/pages\/356\/revisions"}],"predecessor-version":[{"id":384,"href":"https:\/\/wastedmaniacs.com\/index.php\/wp-json\/wp\/v2\/pages\/356\/revisions\/384"}],"wp:attachment":[{"href":"https:\/\/wastedmaniacs.com\/index.php\/wp-json\/wp\/v2\/media?parent=356"}],"curies":[{"name":"wp","href":"https:\/\/api.w.org\/{rel}","templated":true}]}}